
2, 3, 37, 151
List the prime factors of 40541.
71, 571
List the prime factors of 4597.
4597
What are the prime factors of 895?
5, 179
List the prime factors of 3503.
31, 113
List the prime factors of 4011.
3, 7, 191
What are the prime factors of 10991?
29, 379
List the prime factors of 19101.
3, 6367
What are the prime factors of 2746?
2, 1373
List the prime factors of 1538.
2, 769
What are the prime factors of 17206?
2, 7, 1229
List the prime factors of 6923.
7, 23, 43
What are the prime factors of 90569?
41, 47
What are the prime factors of 3720?
2, 3, 5, 31
What are the prime factors of 3015?
3, 5, 67
List the prime factors of 599.
599
List the prime factors of 7490.
2, 5, 7, 107
What are the prime factors of 936?
2, 3, 13
What are the prime factors of 4448?
2, 139
List the prime factors of 15492.
2, 3, 1291
What are the prime factors of 8217?
3, 11, 83
List the prime factors of 2496.
2, 3, 13
List the prime factors of 2839.
17, 167
What are the prime factors of 724?
2, 181
List the prime factors of 5296.
2, 331
What are the prime factors of 26408?
2, 3301
What are the prime factors of 7539?
3, 7, 359
What are the prime factors of 2161?
2161
What are the prime factors of 707?
7, 101
What are the prime factors of 126875?
5, 7, 29
What are the prime factors of 9963?
3, 41
List the prime factors of 15426.
2, 3, 857
List the prime factors of 1021.
1021
What are the prime factors of 3022?
2, 1511
List the prime factors of 42130.
2, 5, 11, 383
List the prime factors of 809.
809
List the prime factors of 25380.
2, 3, 5, 47
List the prime factors of 884.
2, 13, 17
List the prime factors of 47234.
2, 11, 19, 113
What are the prime factors of 69817?
11, 577
What are the prime factors of 18078?
2, 3, 23, 131
What are the prime factors of 83256?
2, 3, 3469
What are the prime factors of 8785?
5, 7, 251
List the prime factors of 127393.
7, 18199
List the prime factors of 30980.
2, 5, 1549
What are the prime factors of 1965?
3, 5, 131
List the prime factors of 19791.
3, 733
What are the prime factors of 8596?
2, 7, 307
List the prime factors of 691.
691
List the prime factors of 6438.
2, 3, 29, 37
What are the prime factors of 3228?
2, 3, 269
List the prime factors of 7916.
2, 1979
What are the prime factors of 5219?
17, 307
What are the prime factors of 503?
503
What are the prime factors of 1580?
2, 5, 79
What are the prime factors of 1341?
3, 149
List the prime factors of 2697.
3, 29, 31
What are the prime factors of 1430?
2, 5, 11, 13
What are the prime factors of 917?
7, 131
What are the prime factors of 13910?
2, 5, 13, 107
List the prime factors of 728.
2, 7, 13
List the prime factors of 1674.
2, 3, 31
What are the prime factors of 1073?
29, 37
List the prime factors of 963.
3, 107
List the prime factors of 7691.
7691
List the prime factors of 37914.
2, 3, 71, 89
List the prime factors of 6161.
61, 101
List the prime factors of 211.
211
What are the prime factors of 891?
3, 11
What are the prime factors of 160736?
2, 5023
What are the prime factors of 380?
2, 5, 19
What are the prime factors of 13056?
2, 3, 17
What are the prime factors of 7058?
2, 3529
What are the prime factors of 12043?
12043
List the prime factors of 13616.
2, 23, 37
What are the prime factors of 39844?
2, 7, 1423
What are the prime factors of 6030?
2, 3, 5, 67
List the prime factors of 3282.
2, 3, 547
List the prime factors of 2605.
5, 521
What are the prime factors of 2585?
5, 11, 47
List the prime factors of 11169.
3, 17, 73
List the prime factors of 8951.
8951
List the prime factors of 17415.
3, 5, 43
List the prime factors of 2837.
2837
What are the prime factors of 567?
3, 7
What are the prime factors of 11399?
11399
List the prime factors of 15416.
2, 41, 47
What are the prime factors of 1309?
7, 11, 17
What are the prime factors of 7041?
3, 2347
List the prime factors of 925.
5, 37
What are the prime factors of 45391?
19, 2389
List the prime factors of 55689.
3, 19, 977
List the prime factors of 37571.
37571
What are the prime factors of 1563?
3, 521
What are the prime factors of 10457?
10457
List the prime factors of 8085.
3, 5, 7, 11
What are the prime factors of 14606?
2, 67, 109
What are the prime factors of 1846?
2, 13, 71
What are the prime factors of 251?
251
What are the prime factors of 5383?
7, 769
What are the prime factors of 8637?
3, 2879
What are the prime factors of 36266?
2, 18133
What are the prime factors of 2097?
3, 233
List the prime factors of 55213.
55213
What are the prime factors of 133097?
133097
What are the prime factors of 5451?
3, 23, 79
List the prime factors of 1580.
2, 5, 79
List the prime factors of 94204.
2, 11, 2141
List the prime factors of 18160.
2, 5, 227
What are the prime factors of 27380?
2, 5, 37
List the prime factors of 26700.
2, 3, 5, 89
List the prime factors of 57554.
2, 7, 4111
What are the prime factors of 45065?
5, 9013
List the prime factors of 1341.
3, 149
List the prime factors of 61150.
2, 5, 1223
List the prime factors of 1160.
2, 5, 29
What are the prime factors of 3419?
13, 263
List the prime factors of 530.
2, 5, 53
What are the prime factors of 1275?
3, 5, 17
List the prime factors of 2193.
3, 17, 43
List the prime factors of 6058.
2, 13, 233
List the prime factors of 6273.
3, 17, 41
List the prime factors of 21637.
7, 11, 281
What are the prime factors of 2261?
7, 17, 19
List the prime factors of 1812.
2, 3, 151
What are the prime factors of 22025?
5, 881
What are the prime factors of 1553?
1553
List the prime factors of 5061.
3, 7, 241
List the prime factors of 3193.
31, 103
List the prime factors of 741.
3, 13, 19
List the prime factors of 1632.
2, 3, 17
List the prime factors of 18395.
5, 13, 283
What are the prime factors of 1579?
1579
List the prime factors of 111189.
3, 13, 2851
List the prime factors of 3837.
3, 1279
What are the prime factors of 2725?
5, 109
What are the prime factors of 149117?
41, 3637
List the prime factors of 131054.
2, 7, 11, 23, 37
What are the prime factors of 12324?
2, 3, 13, 79
List the prime factors of 751.
751
What are the prime factors of 7492?
2, 1873
What are the prime factors of 68339?
37, 1847
List the prime factors of 2680.
2, 5, 67
List the prime factors of 9357.
3, 3119
List the prime factors of 938.
2, 7, 67
What are the prime factors of 513?
3, 19
What are the prime factors of 3828?
2, 3, 11, 29
What are the prime factors of 24294?
2, 3, 4049
List the prime factors of 1330.
2, 5, 7, 19
List the prime factors of 3817.
11, 347
What are the prime factors of 6163?
6163
What are the prime factors of 73452?
2, 3, 6121
What are the prime factors of 125761?
19, 6619
List the prime factors of 11859.
3, 59, 67
What are the prime factors of 13887?
3, 1543
What are the prime factors of 5659?
5659
What are the prime factors of 16007?
16007
List the prime factors of 44415.
3, 5, 7, 47
What are the prime factors of 3072?
2, 3
What are the prime factors of 17264?
2, 13, 83
List the prime factors of 25222.
2, 12611
List the prime factors of 11734.
2, 5867
List the prime factors of 3722.
2, 1861
List the prime factors of 5749.
5749
What are the prime factors of 2165?
5, 433
List the prime factors of 10236.
2, 3, 853
List the prime factors of 4499.
11, 409
List the prime factors of 1779.
3, 593
What are the prime factors of 256?
2
What are the prime factors of 3684?
2, 3, 307
List the prime factors of 14.
2, 7
List the prime factors of 2097.
3, 233
What are the prime factors of 587?
587
List the prime factors of 16670.
2, 5, 1667
What are the prime factors of 1114?
2, 557
What are the prime factors of 1719?
3, 191
What are the prime factors of 613?
613
What are the prime factors of 23216?
2, 1451
What are the prime factors of 30706?
2, 13, 1181
List the prime factors of 6975.
3, 5, 31
What are the prime factors of 26652?
2, 3, 2221
What are the prime factors of 48671?
7, 17, 409
List the prime factors of 747.
3, 83
What are the prime factors of 5063?
61, 83
List the prime factors of 9268.
2, 7, 331
List the prime factors of 2170.
2, 5, 7, 31
List the prime factors of 934.
2, 467
List the prime factors of 13905.
3, 5, 103
List the prime factors of 4597.
4597
What are the prime factors of 30815?
5, 6163
What are the prime factors of 2449?
31, 79
What are the prime factors of 43951